{"id":90,"date":"2010-01-01T13:03:25","date_gmt":"2010-01-01T12:03:25","guid":{"rendered":"http:\/\/musica-cantica.org\/wordpress\/?page_id=90"},"modified":"2024-11-20T17:42:35","modified_gmt":"2024-11-20T16:42:35","slug":"impressu","status":"publish","type":"page","link":"https:\/\/musica-cantica.org\/?page_id=90","title":{"rendered":"Impressum"},"content":{"rendered":"<h1>Impressum<\/h1>\n<p>Musica Cantica Eupen ist Teil der Klangschmiede V.o.G.<br \/>\nBergstra\u00dfe 124<br \/>\nB-4700 Eupen<br \/>\nTel.: +32\/(0)474\/ 80 62 09<br \/>\nMail: <a href=\"mailto:info@musica-cantica.org\">info@musica-cantica.org<\/a><\/p>\n<p><a href=\"https:\/\/de-de.facebook.com\/musicacantica\" target=\"_blank\" rel=\"https:\/\/de-de.facebook.com\/musicacantica noopener\"><img loading=\"lazy\" decoding=\"async\" class=\"alignnone wp-image-2288\" src=\"https:\/\/musica-cantica.org\/wordpress\/wp-content\/uploads\/2017\/09\/facebook-300x300.png\" alt=\"\" width=\"28\" height=\"28\" srcset=\"https:\/\/musica-cantica.org\/wordpress\/wp-content\/uploads\/2017\/09\/facebook-300x300.png 300w, https:\/\/musica-cantica.org\/wordpress\/wp-content\/uploads\/2017\/09\/facebook-150x150.png 150w, https:\/\/musica-cantica.org\/wordpress\/wp-content\/uploads\/2017\/09\/facebook-96x96.png 96w, https:\/\/musica-cantica.org\/wordpress\/wp-content\/uploads\/2017\/09\/facebook-24x24.png 24w, https:\/\/musica-cantica.org\/wordpress\/wp-content\/uploads\/2017\/09\/facebook-36x36.png 36w, https:\/\/musica-cantica.org\/wordpress\/wp-content\/uploads\/2017\/09\/facebook-48x48.png 48w, https:\/\/musica-cantica.org\/wordpress\/wp-content\/uploads\/2017\/09\/facebook-64x64.png 64w, https:\/\/musica-cantica.org\/wordpress\/wp-content\/uploads\/2017\/09\/facebook.png 512w\" sizes=\"auto, (max-width: 28px) 100vw, 28px\" \/><\/a><\/p>\n<p>Klangschmiede ist eine eingetragene Vereinigung ohne Gewinnerzielungsabsicht und durch das Ministerium der Deutschsprachigen Gemeinschaft Belgiens als Fachatelier anerkannt.<\/p>\n<p>Unternehmensnummer: BE 0544.972.922, Gerichtsbezirk Eupen<\/p>\n<h2>Haftungshinweis<\/h2>\n<p>Trotz sorgf\u00e4ltiger inhaltlicher Kontrolle \u00fcbernehmen wir keine Haftung f\u00fcr die Inhalte externer Links. F\u00fcr den Inhalt der verlinkten Seiten sind ausschlie\u00dflich deren Betreiber verantwortlich.<\/p>\n","protected":false},"excerpt":{"rendered":"<p>Impressum Musica Cantica Eupen ist Teil der Klangschmiede V.o.G. Bergstra\u00dfe 124 B-4700 Eupen Tel.: +32\/(0)474\/ 80 62 09 Mail: info@musica-cantica.org Klangschmiede ist eine eingetragene Vereinigung ohne Gewinnerzielungsabsicht und durch das Ministerium der Deutschsprachigen Gemeinschaft Belgiens als Fachatelier anerkannt. Unternehmensnummer: BE 0544.972.922, Gerichtsbezirk Eupen Haftungshinweis Trotz sorgf\u00e4ltiger inhaltlicher Kontrolle \u00fcbernehmen wir keine Haftung f\u00fcr die Inhalte [&hellip;]<\/p>\n","protected":false},"author":1,"featured_media":0,"parent":0,"menu_order":6,"comment_status":"closed","ping_status":"closed","template":"","meta":{"footnotes":""},"class_list":["post-90","page","type-page","status-publish","hentry","entry"],"_links":{"self":[{"href":"https:\/\/musica-cantica.org\/index.php?rest_route=\/wp\/v2\/pages\/90","targetHints":{"allow":["GET"]}}],"collection":[{"href":"https:\/\/musica-cantica.org\/index.php?rest_route=\/wp\/v2\/pages"}],"about":[{"href":"https:\/\/musica-cantica.org\/index.php?rest_route=\/wp\/v2\/types\/page"}],"author":[{"embeddable":true,"href":"https:\/\/musica-cantica.org\/index.php?rest_route=\/wp\/v2\/users\/1"}],"replies":[{"embeddable":true,"href":"https:\/\/musica-cantica.org\/index.php?rest_route=%2Fwp%2Fv2%2Fcomments&post=90"}],"version-history":[{"count":22,"href":"https:\/\/musica-cantica.org\/index.php?rest_route=\/wp\/v2\/pages\/90\/revisions"}],"predecessor-version":[{"id":3295,"href":"https:\/\/musica-cantica.org\/index.php?rest_route=\/wp\/v2\/pages\/90\/revisions\/3295"}],"wp:attachment":[{"href":"https:\/\/musica-cantica.org\/index.php?rest_route=%2Fwp%2Fv2%2Fmedia&parent=90"}],"curies":[{"name":"wp","href":"https:\/\/api.w.org\/{rel}","templated":true}]}}